eatest common factor of k and g.
6
Let s be ((-273)/(-14))/(1/(-98)). Let x be (-1)/(-5) + s/105. Let r(q) = -3*q + 23. Let h be r(x). What is the greatest common factor of h and 7?
7
Let w(l) be the third derivative of l**6/120 + 7*l**5/12 - l**4/24 - 3*l**3 + 18*l**2 - 2. Let c be w(-35). Calculate the greatest common factor of 17 and c.
17
Suppose -2*d = -5*d + y + 10, -5*d + 5*y = -10. Suppose -3*o - 20 = 2*o, -d*p - 2*o = -832. Calculate the greatest common factor of p and 84.
42
Let h = -1009 + 1013. Suppose 3*x = 4*z - 1937, z + h*x = x + 503. Calculate the highest common divisor of 8 and z.
8
Let x(u) = 6*u**2 - 2*u - 4. Let b be x(-1). Let a(l) = -25*l + 115. Let g be a(b). What is the highest common factor of g and 63?
3
Let z be ((-48)/(-20))/(3/(-15)). Let d be (30/9)/(8/z). Let a be (2*(-6)/d)/(8/240). Calculate the highest common divisor of 18 and a.
18
Let f = -1323 + 1344. Calculate the greatest common divisor of 35 and f.
7
Suppose 0 = -21*n + 16*n - 5*v + 38525, 46210 = 6*n + 2*v. Calculate the highest common factor of 300 and n.
100
Suppose 395*d = 384*d - 7326. Let s = d + 690. Calculate the highest common divisor of 96 and s.
24
Let g(l) = -34*l + 1637. Let b be g(45). Calculate the highest common factor of b and 24931.
107
Let t be 902/8 - (-18)/72. Suppose -v + t = 20. Let y be v + 4 + (-2 - 0). What is the greatest common divisor of 38 and y?
19
Suppose -3*r + r = -4*n - 1134, 3*r - n = 1701. Let k = 43 - 16. Calculate the greatest common factor of k and r.
27
Let w be 1/12 - 1545829/(-1284). What is the highest common divisor of 476 and w?
28
Let t(l) = -8*l**2 + 6*l**2 + 0*l**2 - 46*l + l**2 - 16. Let m be t(-42). What is the highest common factor of m and 8?
8
Let x = 216 + -178. Suppose 5*t - 2006 + 296 = 0. Suppose -2*i + t = 4*i. Calculate the greatest common factor of x and i.
19
Let s be (172/129)/(2/9). Let h be 51 - (3 + s + -4). What is the greatest common divisor of h and 161?
23
Suppose n - 80 = 4*z, 2*z - 444 = -42*n + 37*n. What is the greatest common factor of n and 6116?
44
Let a(c) = c**3 - 14*c**2 - 16*c + 7. Let b be a(8). Let u = b - -544. What is the highest common factor of u and 6?
3
Suppose 0 = -4*j - q - 59 - 22, 0 = 3*j - 2*q + 47. Let c be (-31 - j)*68/(-3). Calculate the greatest common divisor of 17 and c.
17
Suppose -h + 78 = f, 5*h = -0*h. Let b be 6/15 - -3*896/105. What is the greatest common factor of b and f?
26
Suppose -s = -4*o - 0*s + 969, -2*o = 5*s - 501. Let j(y) = 21*y**2 + 32*y + 88. Let g be j(-2). What is the greatest common factor of g and o?
27
Let h(x) = 12 + 56*x - 22 + 134 + 29 - x. Let s be h(0). Calculate the highest common factor of s and 17.
17
Suppose 220880 = -118*h + 294*h. Calculate the highest common factor of 15 and h.
5
Let v be 1*273/(42/6). Let c = v - 20. Calculate the greatest common divisor of c and 133.
19
Suppose 3*o - 17 = 4*f, -4*o + 2*f + 21 = -3*f. Let j be o/(1 + -2)*0. Suppose j = -d - 2*d + 45. What is the highest common factor of d and 120?
15
Let c be ((-156)/(-10))/(-3 - (-132)/40). Let a(o) = -2*o. Let s be a(-1). Suppose 0 = -s*n + 302 - c. Calculate the greatest common divisor of 25 and n.
25
Let j(g) = -55*g + 1075. Let n be j(-17). Calculate the highest common divisor of 60 and n.
30
Suppose 0 = -2*y + 4*n + 1002, 35*y - 30*y + n - 2483 = 0. Calculate the greatest common factor of y and 355.
71
Suppose 0 = -4*u + p + 42 + 138, -124 = -3*u - 2*p. What is the highest common factor of u and 156?
4
Suppose -10*b - 75 = -11*b. Suppose 8*x = 165 + b. What is the highest common factor of 6 and x?
6
Suppose 10 = 12*h - 17*h, n + 290 = -h. Let c = 294 + n. What is the highest common factor of 192 and c?
6
Suppose 6*b = 3*c + 11*b + 14, 3*c + 2 = -2*b. Let r be (-357)/(-6) + 1/c. What is the highest common factor of r and 60?
60
Suppose -t - 3*q - 5 = 0, -14 = 2*q - 4. Suppose 3*r - 13*p + 15*p = t, -4*p + 4 = 2*r. What is the highest common factor of r and 324?
4
Suppose 78*l - 3322 = 67*l. Let o = l + -16. Calculate the greatest common divisor of 26 and o.
26
Suppose -2802*t = -2616*t - 2820318. What is the greatest common divisor of 118 and t?
59
Suppose y - 7*u - 14 = -3*u, 5*u = 3*y - 56. Let b(p) = 3*p - 13*p - 1 - 2 + 5. Let h be b(-2). Calculate the highest common divisor of y and h.
22
Let p be 891/(-18)*(32/(-6) + 4). Calculate the greatest common factor of 27 and p.
3
Suppose -2*d + 19*c = 20*c - 436, -655 = -3*d - 2*c. What is the greatest common divisor of 403 and d?
31
Suppose -22967*y + 22973*y = 2304. What is the highest common factor of y and 90?
6
Let p(n) = -5*n**3 + 66*n**2 + 12*n - 197. Let r be p(13). Let y(t) = -t**2 - 7*t - 2. Let b be y(-5). What is the greatest common factor of b and r?
8
Let y = -1009 + 1804. Let l = -99476 - -99529. Calculate the highest common divisor of y and l.
53
Suppose -45*a + 39*a = -34*a + 177240. What is the greatest common factor of 60 and a?
30
Let w = -68 + 77. Let i = w + 5. Suppose -c - 2*h = -1, -2*c + i = -5*h + 3. What is the greatest common divisor of c and 48?
3
Suppose -187*r + 2352605 + 2285743 = 0. Calculate the greatest common divisor of r and 318.
318
Let p(t) = t**2 - 5*t + 2. Let v be p(5). Suppose -4*x + 260 = 4*s, 0*x = 2*s - v*x - 146. Calculate the greatest common factor of s and 3.
3
Let i be (-13)/(-2)*7436/2197. Let j = -73 + 110. Suppose j = 2*k - 3*o, k - o = -2*o + 6. What is the highest common divisor of k and i?
11
Let a(g) = 167*g**3 - 3*g**2 - 12*g + 20. Let v be a(2). What is the greatest common divisor of 180 and v?
60
Let q be 9/(-2)*12/18. Let z be (2/q)/((-1)/225). Let p be 46/2 - (-6)/3. What is the greatest common divisor of z and p?
25
Let h be (-6)/10 - (-1740)/(-100). Let z = -16 - h. Suppose 0 = z*c - 1 - 21. Calculate the greatest common divisor of 11 and c.
11
Let h(i) = 1003*i - 8. Let w be h(1). Suppose -3*c + 239 = w. Let r be 1*(7/14)/((-2)/c). Calculate the highest common divisor of 18 and r.
9
Suppose -6*r + 16 = -7*r. Let v(g) = -2*g**2 - 44*g - 165. Let l be v(r). Calculate the highest common divisor of 351 and l.
27
Let b(o) = 17*o + 22. Let h be b(6). Let w = 668 - h. Calculate the greatest common factor of w and 68.
68
Let l = -206 - -402. Let w be (62 + -42)*14/5. What is the greatest common factor of w and l?
28
Let r = 5803 + -5711. Calculate the greatest common divisor of r and 12.
4
Let t be ((-35)/7 + 4 - (-1)/2)*-36. Calculate the highest common divisor of 5949 and t.
9
Suppose 12*d = -4*d - 2288. Let b = d + 241. What is the highest common divisor of 147 and b?
49
Let b be (-5 + 3)/(0 - 1). Let x be 27/(11/b + -4). Suppose 4*v + x = 7*v. What is the highest common factor of 30 and v?
6
Suppose 0 = -3*o + 6*k + 1287, 0 = -4*o - 2*k + 851 + 865. Calculate the greatest common divisor of 78 and o.
39
Suppose -4*o + 5*u = -o - 12039, -o - 7*u + 4039 = 0. Calculate the greatest common factor of 392 and o.
98
Suppose -6*f + p - 310 = -10*f, -230 = -3*f - 2*p. What is the greatest common divisor of 1846 and f?
26
Let o = 4493 - 4395. Calculate the greatest common factor of o and 1225.
49
Let s = 6 + 2. Suppose 161*h + 1440 = -157*h + 324*h. Calculate the highest common factor of s and h.
8
Suppose 5*y = -g - 20, -4*g + y = 26 - 51. Calculate the greatest common divisor of g and 85.
5
Let c = -148 - -156. Suppose c = 3*f - 46. What is the greatest common divisor of 10 and f?
2
Let l(s) = -s**3 + 6*s**2 + s + 1. Let c be l(6). Suppose c - 5 = 2*g. Suppose -13 + 3 = -2*w. Calculate the greatest common factor of g and w.
1
Let u(k) = 874*k + 696. Let y be u(6). What is the highest common factor of 88 and y?
44
Suppose 0 = 16*m - 23 - 57. Let p be (8/14)/(20/70). What is the greatest common divisor of p and m?
1
Suppose 2*j - 1088 = -5*q, 4*j + 848 = -3*q + 7*q. Let h = q + 16. What is the highest common divisor of h and 290?
58
Let o be ((1 - -3)/(-28))/((-2)/14). Let r be (1/((-10)/(-105)))/(o/18). Calculate the highest common divisor of 21 and r.
21
Let m = 260 - 241. Suppose 0 = -4*p - 7 - 5. Let f be (12 - p)*m/3. What is the greatest common divisor of f and 38?
19
Let p = -2 + 4. Let u = 66 + -64. Suppose -p*t = -2*a + 44, t + 12 = u*a - 32. What is the greatest common factor of a and 110?
22
Let r = 7437 + -7393. Calculate the greate